j*v - 39261. Is v composite?
False
Let u(x) = 13089*x**2 - 16*x + 124. Is u(7) prime?
False
Suppose 0 = -3*o - 2*i + 2288675, -3*o + 22*i = 11*i - 2288701. Is o prime?
True
Let m = 58302 - -21652. Suppose 0 = -78*k + 64*k + m. Is k composite?
False
Suppose i - 13 = -6*u + 2*u, -3*i + 11 = 5*u. Suppose 18*n - u*n - 21742 = 0. Is n a prime number?
True
Let t = 11363 - -15960. Is t prime?
False
Let p(c) = -c**3 + 36*c**2 - 22*c - 37. Let q be p(26). Suppose -g = 4*t - 0*g - 8206, 3*t - g = q. Is t a composite number?
True
Let z = 13 - 11. Suppose 0 = z*h - 5570 - 9180. Is 4/14 + 3/(105/h) prime?
True
Let o = 1473 + -402. Suppose 0 = 3*x + 3*c - 774, -38 = 4*x + 3*c - o. Is x composite?
True
Let y(d) = 90*d**2 - 122*d - 2717. Is y(-24) a composite number?
False
Let n(r) = 245*r**2 + 2*r - 37. Suppose 3*w = -2*x + 24, 11*w - 9*w = 3*x + 29. Is n(w) prime?
False
Let c = -6778 - -32951. Is c prime?
False
Let x be (-2 - -1)*1*(-2 - 5). Suppose 4 = -2*l + 4*t, 0 = x*l - 3*l + 4*t + 8. Is 27*(-186)/(-6) - l a prime number?
True
Let i = -539 - -544. Suppose -18428 = -i*s + 63117. Is s composite?
True
Suppose -20 = 12*n - 17*n. Let s(r) be the first derivative of 2*r**4 + 2*r**3/3 + 3*r**2 - 5*r + 7. Is s(n) a prime number?
True
Let q(t) be the first derivative of -3559*t**2/2 + 4*t - 1. Is q(-1) a prime number?
False
Suppose 5*y = -4*k + 214435, 29*y - k - 42887 = 28*y. Is y a prime number?
False
Let l be -4 - -32*(-195)/(-10). Suppose -5*o + 12404 = 3*c, -5*o + 13003 - l = -4*c. Is o composite?
True
Let d(q) = -q + 9. Let k be d(9). Suppose 9*b - 4*b - 35 = k. Is 1*3908 + b/(-7) a composite number?
False
Let i be 0 + 44164/14 + 9/21. Is (i/(-15))/(2/(-6)) composite?
False
Let v be 3 + (-5)/(20/4196). Let f be (v/(-6))/(3/9). Suppose -8*l - f = -4*g - 3*l, -260 = -2*g + 2*l. Is g prime?
True
Let n be -4*(-1 + (-25)/(-20))*-2874. Suppose -1094 = 4*x - n. Is x prime?
False
Let l(f) = -f**2 + 3*f + 6. Let z be l(3). Suppose 2*h = z*h - 5132. Is h a composite number?
False
Let a(x) = -95*x**2 - 4*x + 10*x**2 - 2*x. Let h be a(-5). Let c = -1464 - h. Is c a composite number?
False
Let i be 30/12 + 11/(-22). Suppose 4*k + z - 16 = -3*z, 4*k + z - 16 = 0. Suppose 5*y - 5750 = u, -i*y + k*u - 1675 = -3957. Is y prime?
True
Suppose -14*z = -360316 + 11702. Is z a prime number?
False
Let l(z) = 2*z**2 + 7*z - 3*z + 4*z + 6*z - 17. Let b = 75 + -90. Is l(b) composite?
False
Let t(g) = 7517*g**3 - 5*g**2 + 4*g + 3. Let d(m) = 2506*m**3 - 2*m**2 + m + 1. Let y(u) = 8*d(u) - 3*t(u). Let r be y(-1). Let h = -1466 + r. Is h composite?
False
Is (396/(-693))/(4/(-63098)) a prime number?
False
Suppose -44*h = -48*h. Is (h/(-2))/(-18 + 16) + 1117 a composite number?
False
Let f = -6456 + 551173. Is f a prime number?
True
Let t be ((-6028)/(-10))/(4 - 78/20). Suppose 0 = -7*x + 3*x + t. Is x prime?
False
Suppose 104*m - 34480064 - 59905416 = 71792. Is m prime?
False
Suppose 0 = 3*i + 2*q + 419, 2*q + 263 + 438 = -5*i. Is -11*(i - (4 - -4)) a composite number?
True
Let j be 6/(-4)*4*(-21)/14. Suppose -j*u = u - 23330. Is u composite?
False
Let f(s) = 13045*s**2 - 1401*s + 13. Is f(10) prime?
True
Suppose -17*x + 35*x - 561582 = 0. Is x a composite number?
True
Let c be (1 + (-35720)/3)/((-21)/(-63)). Is 8/(-12) - c/3 a prime number?
False
Is (-176510)/(-6) + 1656/(-138) - (-4)/6 a composite number?
True
Let l(b) = 143*b**2 + 72*b + 444. Is l(-7) a composite number?
False
Suppose -4*x + 4 = 3*p, 0*p - 3*p - 2*x = 4. Let v be p*(-14)/8 + -2. Suppose 0 = -v*s + 811 - 116. Is s a composite number?
False
Is 8/(-8)*(-3 + -188902) prime?
False
Let c be (-169)/(-52) - 2/8. Suppose 4*j - 5*f = -f + 4, 4*j = c*f + 6. Suppose 11*w - j*w - 6376 = 0. Is w composite?
False
Let n(m) = 4*m**2 - 4*m + 10. Let g be (-3)/6*(-2 + -2). Let j be n(g). Suppose -2559 = j*u - 21*u. Is u a composite number?
False
Suppose 0 = x + 2*x + 21. Let k(f) = -126*f + 5. Let z be k(x). Let l = z - 398. Is l prime?
False
Let w(j) = -38*j + 2629. Is w(-41) a prime number?
False
Let o(b) = 259*b**2 - 3*b + 40. Let x(c) = -130*c**2 + c - 21. Let l(m) = 4*o(m) + 7*x(m). Is l(-6) prime?
False
Suppose 0 = 2*l - a - 129595, 130985 = -4*l + 4*a + 390177. Is l a composite number?
True
Suppose 0 = -3*l - 5*z + 13858, 18*l = 15*l + 3*z + 13866. Is l composite?
False
Is -23 + (-357)/(-17) - -238089 a prime number?
False
Suppose 2*n - b = 0, n - 2*b = -0*b. Suppose -10*v + 6 + 14 = n. Suppose -5*g - v*k = -2245, -k + 319 + 578 = 2*g. Is g a composite number?
True
Let o(m) = 11077*m**2 + 108*m - 71. Is o(-5) prime?
False
Is (-24)/90 + (-8378725)/(-375) a composite number?
False
Let k(d) = 14*d**2 - 8*d + 41. Suppose 0 = 2*f + 2*x + 38, 4*f - f + 52 = -2*x. Is k(f) a prime number?
True
Suppose -15 + 9 = 2*c. Let l(o) = -850*o + 29. Is l(c) a composite number?
False
Let p be (-4)/((-64)/(-100)) - 1/(-4). Let l(r) = -13*r**3 + r**2 - 14*r + 11. Is l(p) prime?
True
Suppose -812564 - 401399 = 38*f - 5316975. Is f a prime number?
False
Suppose u - 2*t = 0, 3*t - t = 0. Suppose -29*b + 12 = -23*b. Suppose 0*p - 3*r = -b*p + 3731, 2*p + 5*r - 3707 = u. Is p composite?
False
Suppose -3*g - f = -329217, 5*f - 16933 + 126704 = g. Is g a prime number?
True
Let t = 330235 + 268944. Is t a composite number?
True
Let h(p) = p**2 - 7*p - 18. Let q be h(10). Let s be -62*(-1)/(-2)*(1 - q). Let n = 606 - s. Is n a prime number?
False
Let a(m) = 2*m - 7*m**2 - 14*m**2 - 10*m**3 + 7*m**2 - 17. Is a(-10) composite?
False
Suppose 22310 = 2*c - 3*n + n, 5*n = -2*c + 22324. Suppose 5635 = 8*p - c. Is p a prime number?
True
Let n(c) = -1560*c**2 + 2*c - 1. Let f be n(-2). Let l be -2 + 16/12 - f/3. Let r = -1039 + l. Is r composite?
True
Let v be -3 - (-2 + 6 + -7). Suppose v = -3*d + 2317 + 3404. Is d a composite number?
False
Let b = 28701 + -17575. Is b composite?
True
Let s = -544809 + 2211940. Is s a composite number?
False
Is (-5)/20*1*-8 + 8 + 296427 a prime number?
True
Let a(w) = -w**2 + 21*w + 41. Let h be a(15). Suppose -h*n + 132*n = 3817. Is n a composite number?
True
Suppose 0 = -3*o - 2*h + 31, 4*o + 16*h - 44 = 14*h. Let b = 906 - 111. Suppose o*l - b = 8*l. Is l prime?
False
Let d(y) = y**2 - 7*y + 16. Let o be d(-10). Suppose f = o + 76. Is f a prime number?
False
Is 6/21*(-31789170)/(-180) composite?
False
Suppose -2*v + 32682 = 11*n - 7*n, 4*v - 5*n = 65377. Is v a prime number?
False
Let a(b) = 23040*b + 6863. Is a(5) a composite number?
True
Suppose 0 = 4*p + 5*o + 746, p - 3*o - 183 = 2*p. Let s be -4*1 - p/1. Let t = 132 + s. Is t a composite number?
False
Let q(b) = -6*b**2 + 23*b + 205. Let w be q(17). Let p = w + 4311. Is p composite?
True
Let d be 1 + 24/(-28) + 900/21. Suppose 0 = x - 4*k - 5787, -d*x + 39*x = -4*k - 23124. Is x a composite number?
False
Let a be (1/(-1))/(3/(-5634)). Suppose -g - a = -17379. Is g a prime number?
False
Let r(m) be the third derivative of 11*m**5/60 + 23*m**4/12 + 49*m**3/6 - 405*m**2 - 2*m. Let t = -43 + 65. Is r(t) a composite number?
True
Let t(m) = -90*m**2 + 8*m - 20. Let q be t(-14). Let v = -7213 - q. Is v a composite number?
False
Suppose 51*k = -39*k - 23*k + 45007561. Is k composite?
True
Suppose -118974 = -5*k + 3*v + 249785, 0 = -15*k - v + 1106297. Is k a prime number?
False
Let s(l) be the first derivative of 1645*l**3 - 5*l**2/2 + 3*l + 134. Is s(2) prime?
False
Let m(o) = 11717*o - 2. Let n be m(6). Suppose 6*u - 2*u = n. Suppose 4*y + 3*d - u = 0, -3*y + 0*y + 13177 = -2*d. Is y prime?
False
Let b = 2120 - 3731. Suppose 42 = -43*u + 36*u. Is 12/18*b/u prime?
True
Suppose 3*b + 410432 = t, 5*t - t + 4*b - 1641776 = 0. Is t composite?
True
Let p(l) = 31*l**2 - 27*l - 23. Let o(z) = 2*z**3 - 13*z**2 + 5*z - 3. Let q be o(6). Is p(q) prime?
True
Suppose 6769 - 2309 = 10*g. Suppose 4*q + g = 75750. Is q prime?
False
Let c(h) = h**2 - 13*h - 267. Let s be c(24). Let b be (-147)/(-9)*(-3 - 0). Is b*(1 - 2 - 7) + s composite?
False
Suppose -4*z + 5*c + 15 = 0, -27 = -5*z + c - 3. Suppose -z*r - n = -64642, -r + 12914 = 4*n + n. Is r a composite number?
True
Suppose 3*w = 4*w - 11. Suppose -z + 21 = w. Suppose -22675 = -z*a + 5*a. Is a a prime number?
False
Suppose -10*g + 4*p = -13*g + 177419, -4*p - 177427 = -3*g. Is g a composite number?
False
Let d(s) = s**2 - 23*s - 47. L